
8
What is the hundreds digit of 4992057?
0
What is the tens digit of 3076238?
3
What is the hundred thousands digit of 31212728?
2
What is the tens digit of 91633054?
5
What is the hundred millions digit of 563890357?
5
What is the ten millions digit of 392818636?
9
What is the tens digit of 138420391?
9
What is the units digit of 374612539?
9
What is the millions digit of 152873708?
2
What is the thousands digit of 346685719?
5
What is the tens digit of 109087556?
5
What is the ten millions digit of 58638536?
5
What is the tens digit of 49681471?
7
What is the tens digit of 691136512?
1
What is the ten millions digit of 863960346?
6
What is the units digit of 22454067?
7
What is the ten thousands digit of 3998322091?
2
What is the millions digit of 31012242?
1
What is the tens digit of 1277375695?
9
What is the ten thousands digit of 13253445?
5
What is the millions digit of 603594767?
3
What is the tens digit of 542921275?
7
What is the units digit of 962181308?
8
What is the millions digit of 21179213?
1
What is the units digit of 122741907?
7
What is the millions digit of 77300074?
7
What is the thousands digit of 680251616?
1
What is the millions digit of 90324679?
0
What is the millions digit of 6232258939?
2
What is the ten thousands digit of 1679298384?
9
What is the hundred thousands digit of 785327192?
3
What is the tens digit of 421739613?
1
What is the units digit of 653804217?
7
What is the millions digit of 339642680?
9
What is the ten millions digit of 184544699?
8
What is the thousands digit of 596656965?
6
What is the hundreds digit of 28475934?
9
What is the hundred thousands digit of 228637217?
6
What is the hundreds digit of 3182496010?
0
What is the millions digit of 3371327547?
1
What is the thousands digit of 776172413?
2
What is the ten thousands digit of 273591426?
9
What is the hundred millions digit of 2972705909?
9
What is the units digit of 39837919?
9
What is the millions digit of 5106682?
5
What is the hundred thousands digit of 857513973?
5
What is the ten millions digit of 33774939?
3
What is the hundred thousands digit of 249708449?
7
What is the units digit of 274685598?
8
What is the millions digit of 687940312?
7
What is the ten thousands digit of 765979094?
7
What is the thousands digit of 7138481?
8
What is the tens digit of 48627177?
7
What is the hundred thousands digit of 302926432?
9
What is the units digit of 302109111?
1
What is the ten millions digit of 141552835?
4
What is the hundred thousands digit of 587526711?
5
What is the hundred thousands digit of 216486445?
4
What is the thousands digit of 587266772?
6
What is the thousands digit of 21025179?
5
What is the units digit of 70497367?
7
What is the hundreds digit of 3063125?
1
What is the hundreds digit of 1315458851?
8
What is the millions digit of 5531599000?
1
What is the thousands digit of 956544226?
4
What is the tens digit of 4169298794?
9
What is the tens digit of 297362156?
5
What is the hundred thousands digit of 2057303973?
3
What is the ten thousands digit of 466406351?
0
What is the ten thousands digit of 158665150?
6
What is the ten thousands digit of 4012222217?
2
What is the hundred thousands digit of 72524540?
5
What is the units digit of 137481938?
8
What is the millions digit of 224624549?
4
What is the thousands digit of 43168635?
8
What is the units digit of 39641424?
4
What is the hundred thousands digit of 333610685?
6
What is the hundred thousands digit of 1414591016?
5
What is the units digit of 35881786?
6
What is the millions digit of 151957904?
1
What is the hundred millions digit of 2569526071?
5
What is the ten thousands digit of 25773671?
7
What is the millions digit of 449069171?
9
What is the ten millions digit of 205689774?
0
What is the ten thousands digit of 134676722?
7
What is the ten thousands digit of 516768496?
6
What is the hundred millions digit of 512591989?
5
What is the hundred thousands digit of 38456691?
4
What is the hundreds digit of 1824097592?
5
What is the tens digit of 160369723?
2
What is the ten thousands digit of 43231002?
3
What is the tens digit of 9499528?
2
What is the ten millions digit of 1725849024?
2
What is the hundred thousands digit of 132996027?
9
What is the hundreds digit of 6584377852?
8
What is the millions digit of 1091703234?
1
What is the thousands digit of 25712958?
2
What is the hundred thousands digit of 49123210?
1
What is the ten thousands digit of 138573665?
7
What is the ten thousands digit of 360635384?
3
What is the billions digit of 1738224948?
1
What is the ten millions digit of 77500798?
7
What is the units digit of 25097291?
1
What is the hundreds digit of 282025090?
0
What is the hundred millions digit of 157793593?
1
What is the hundred thousands digit of 62628987?
6
What is the ten millions digit of 92610353?
9
What is the millions digit of 832582551?
2
What is the thousands digit of 314636851?
6
What is the ten millions digit of 389742984?
8
What is the hundred thousands digit of 739173838?
1
What is the ten thousands digit of 23319062?
1
What is the billions digit of 2646798280?
2
What is the thousands digit of 3248072157?
2
What is the thousands digit of 63040415?
0
What is the thousands digit of 261144653?
4
What is the ten millions digit of 95429605?
9
What is the ten millions digit of 38342363?
3
What is the hundred millions digit of 226624093?
2
What is the thousands digit of 6006151?
6
What is the units digit of 5071531134?
4
What is the units digit of 31841406?
6
What is the ten thousands digit of 75299934?
9
What is the ten millions digit of 56335627?
5
What is the hundreds digit of 274754394?
3
What is the ten thousands digit of 533951906?
5
What is the ten millions digit of 710661111?
1
What is the hundreds digit of 28002906?
9
What is the ten thousands digit of 20000140?
0
What is the ten thousands digit of 51247001?
4
What is the hundreds digit of 446598510?
5
What is the hundred thousands digit of 124361107?
3
What is the ten thousands digit of 84498608?
9
What is the hundreds digit of 401500557?
5
What is the units digit of 76452765?
5
What is the billions digit of 3560352314?
3
What is the ten millions digit of 312412052?
1
What is the hundreds digit of 1233934775?
7
What is the millions digit of 1844975085?
4
What is the hundred thousands digit of 162429993?
4
What is the units digit of 372277792?
2
What is the millions digit of 88618506?
8
What is the hundred thousands digit of 377256610?
2
What is the hundreds digit of 8484367?
3
What is the units digit of 2033981855?
5
What is the ten thousands digit of 3244424831?
2
What is the hundreds digit of 141153492?
4
What is the tens digit of 236116684?
8
What is the thousands digit of 222594273?
4
What is the billions digit of 1443966370?
1
What is the hundred thousands digit of 941730527?
7
What is the thousands digit of 638284767?
4
What is the ten thousands digit of 375543402?
4
What is the hundred millions digit of 267462096?
2
What is the ten millions digit of 939639488?
3
What is the billions digit of 2274550197?
2
What is the ten millions digit of 339840858?
3
What is the thousands digit of 44241742?
1
What is the hundred millions digit of 1662196593?
6
What is the tens digit of 950055059?
5
What is the thousands digit of 77366725?
6
What is the units digit of 748242459?
9
What is the ten thousands digit of 1448901973?
0
What is the ten thousands digit of 2748958353?
5
What is the ten millions digit of 2075462102?
7
What is the tens digit of 183726328?
2
What is the millions digit of 31623406?
1
What is the hundred thousands digit of 845194940?
1
What is the thousands digit of 1891741090?
1
What is the millions digit of 5220760062?
0
What is the units digit of 9470163?
3
What is the millions digit of 1262976215?
2
What is the ten millions digit of 136096819?
3
What is the thousands digit of 3835037130?
7
What is the ten millions digit of 614711133?
1
What is the units digit of 63606852?
2
What is the thousands digit of 551314238?
4
What is the ten millions digit of 1095373441?
9
What is the thousands digit of 162019678?
9
What is the ten thousands digit of 592169398?
6
What is the hundred thousands digit of 100712005?
7
What is the hundreds digit of 34561752?
7
What is the hund